 highest common divisor of 120 and l.
15
Suppose 11 = -f + 2*f. What is the greatest common factor of f and 11?
11
Let x = 75 + 44. Calculate the highest common divisor of x and 17.
17
Let c be 2/3 - (592/(-12) + 0). What is the greatest common factor of c and 20?
10
Suppose -f - 10 = -k - 2*f, -2*f = k - 14. Let o(z) = 2*z + 8. Let x be o(-6). Let a = k + x. What is the highest common factor of 1 and a?
1
Let d = 47 - 29. Calculate the greatest common divisor of d and 9.
9
Let i(w) = -w**2 - 3*w + 3. Let n be i(-4). Let b be ((-4)/(-6))/(n/(-6)). Suppose -6 = -b*z + 26. What is the greatest common factor of 8 and z?
8
Suppose g + 410 = 6*g + r, g - 66 = 3*r. What is the greatest common divisor of g and 9?
9
Let a(t) = -t**2 - 8*t + 6. Let z be a(-8). Let l(b) = 8*b + 2. Let g be l(z). Calculate the greatest common factor of g and 10.
10
Suppose -4*h - 20 + 84 = 0. What is the greatest common factor of 288 and h?
16
Let g = 178 + -34. Calculate the highest common factor of 36 and g.
36
Suppose -2*s - 294 = -2*g, 3*g - 396 = s + 39. Suppose -g = -5*u + 396. Calculate the greatest common divisor of u and 12.
12
Suppose -175 = -2*c - t, 0 = c + 3*c - 2*t - 370. Suppose -5*j + 94 = f, -31 - 35 = -3*j - 3*f. Calculate the greatest common factor of j and c.
18
Let t(x) = 2*x**2 + 3*x + 1. Let l be t(-3). Suppose 0 = -5*v + 4 - 34. Let g = v - -16. What is the greatest common divisor of l and g?
10
Suppose 0 = -4*v + 26 + 106. Calculate the greatest common factor of v and 11.
11
Let g = 10 - 30. Let a be 8/g + (-52)/(-5). Suppose -c + n + 3 = c, 4*c = 5*n - 9. What is the greatest common factor of a and c?
2
Let y be (-261)/(-9) - 1*-1. Let g = 27 - 15. What is the greatest common factor of g and y?
6
Let k(o) = o - 3. Let g be k(-9). Let w = 29 + g. What is the highest common divisor of 17 and w?
17
Let b be (-16)/(-104) + 15/(-13). Let n(g) = 39*g**2 + g + 1. Let w be n(b). What is the highest common factor of w and 13?
13
Suppose 5*o = -2*a + 41, -4*a - o + 22 = -3*o. Let h = 11 - a. Let i(z) = -z + 10. Let g be i(7). What is the highest common factor of g and h?
3
Let c be ((-114)/(-9))/(16/24). Let q = -8 + c. Calculate the highest common factor of 11 and q.
11
Let p be 129/9 + -4*(-2)/12. Let a be ((-18)/4)/(3/(-4)). What is the highest common factor of a and p?
3
Let p = 21 + -16. Suppose 3*b - 2*v - 32 = 0, -p*v + 20 = -0*b + 5*b. Calculate the greatest common factor of 4 and b.
4
Let w = 9 + -5. Suppose -18 = -2*d + w. What is the greatest common factor of d and 77?
11
Let u be (((-144)/(-20))/(-3))/(11/(-55)). Suppose 3*s + 0*s + 3*c = 96, -5*s = 3*c - 156. Calculate the greatest common factor of u and s.
6
Let u(n) = -n**3 - 8*n**2 - 9*n - 4. Let i be u(-7). Let b = 32 + 9. Suppose b = q + 11. Calculate the greatest common factor of i and q.
10
Suppose -5*i = -3*k + 16, -k - 2*k = 3*i. Suppose -30 = 2*u - 90. Let t be (-16 - i)/((-4)/u). Calculate the highest common factor of t and 15.
15
Suppose -3*i + 25 = x, 4*i - 30 = -x - 2*x. Calculate the highest common factor of i and 3.
3
Suppose 0 = -3*w + 9, -3*w + 56 = 5*p - 13. Calculate the greatest common factor of p and 84.
12
Suppose 10*i = 15*i - 340. Suppose -2*c + 3 = -3. Suppose -5*d - c*h - 38 = -123, -2*h - 51 = -3*d. What is the highest common factor of i and d?
17
Suppose 6 = 4*v + 3*k, 4*k + 1 = 5*v + 9. Suppose v = 2*d + c - 5*c - 168, d - 84 = c. Calculate the highest common divisor of 21 and d.
21
Let h(r) = 3*r**2 + r. Suppose 0 = 4*x - x - 3. Let a be h(x). Suppose a*c = 5*c - 3. What is the highest common factor of c and 6?
3
Let j(w) = 2*w**2 + 4*w - 1. Let y(l) = 3*l**2 + 4*l. Let x(o) = -2*j(o) + 3*y(o). Let m be x(-2). Calculate the greatest common factor of m and 140.
14
Suppose 2*q - 5*q - 278 = -2*d, 0 = q + 2. Let m be 23 + 1 + (-14 - -7). Calculate the highest common divisor of m and d.
17
Let p(h) = h**3 - 11*h**2 + 6*h + 2. Let f be p(11). Suppose -4*i = -0*c + 4*c - 48, -f = -4*i + c. Calculate the greatest common factor of i and 48.
16
Let l(b) = -b + 30. Let h be l(-8). Calculate the highest common divisor of h and 57.
19
Suppose f = 5*a + 134, 0*f = 2*f - a - 304. What is the highest common divisor of f and 14?
14
Let j(v) = v**3 + v**2 + 1. Let o be j(0). Let s be ((-2)/(-6))/(o/33). Suppose w = -4*w + 440. Calculate the highest common factor of w and s.
11
Suppose 5*y + 376 = 3*r, 478 = 4*r - y - y. What is the highest common divisor of r and 13?
13
Let w(n) = 3*n - 15. Let g be w(17). Calculate the highest common divisor of g and 180.
36
Suppose -4*l = -2*w - 418, 3*l + 4*w + 89 = 397. What is the greatest common divisor of 13 and l?
13
Let o(j) = 60*j + 23. Let x be o(3). What is the greatest common factor of x and 7?
7
Suppose 0 = 3*t - 78 - 42. What is the highest common divisor of 16 and t?
8
Let p = 5 - 5. Suppose -4*k + 16 = p, -2*o + 0*o + 5*k = -100. Calculate the highest common divisor of 15 and o.
15
Let a = 7 - 9. Let o be 3/(-3) - (1 + a). Suppose -2*n + 45 = -o*n + 3*g, 2*g = -3*n + 55. Calculate the greatest common factor of 165 and n.
15
Suppose -5*c + 3*c = 0. Suppose c = -h - 4*h + 30. Calculate the highest common divisor of 2 and h.
2
Let f(k) = -2*k**2 - 1. Let v be f(1). Let h be 1 - (-18 + 6 + v). Calculate the greatest common divisor of 176 and h.
16
Suppose 0 = -4*u + 26 - 2. Let c be (-4)/u - (-62)/3. Suppose -5*t + 4*q + 20 = -0, 0 = -4*t + q + 16. Calculate the greatest common factor of t and c.
4
Let p be (-5 - -2) + 24 + -3. Calculate the highest common factor of p and 144.
18
Suppose -5*o = -2*y - 15, 4*y = -y. Let u be 1 + (5 - (0 + o)). Calculate the greatest common factor of u and 9.
3
Suppose -3*p - 4*j = -16, 2*p + 5*j = -p + 20. Let y be (-1 - (p + 0)) + 6. What is the highest common factor of 5 and y?
5
Suppose 3*b - 2*b = 174. Suppose -2*r + 171 = i - 0*i, -i + b = 3*r. Calculate the greatest common divisor of i and 15.
15
Suppose -4 = -5*j - 4*v, 0*j - 2*v = 3*j - 4. Let l = 0 - 7. Let r = l + 11. What is the highest common factor of r and j?
4
Suppose 0 = -3*w - 7 - 14. Let f = -15 - w. Let i = 19 + f. What is the greatest common divisor of i and 11?
11
Let n be ((-48)/15)/4*-5. Suppose -n*s - 15 = -9*s. Calculate the greatest common divisor of 24 and s.
3
Let j = 7 - 4. Let v be (-3)/((-5)/j + 2). Let o = v + 17. What is the highest common factor of 64 and o?
8
Let j(h) = h**2 + 2*h. Let n be j(-6). Suppose 4*d - 72 = n. Calculate the greatest common divisor of d and 16.
8
Suppose -4*k - 12 + 4 = 0. Let t be k*5/(5/(-2)). Suppose -4*f + 2*y + 49 = -y, -2*f = t*y - 30. What is the greatest common factor of f and 13?
13
Let v be 13 + 1 - (2 - 4). Suppose 0 = -n + 3*d - d + 64, 2*n - 128 = 5*d. Calculate the highest common factor of n and v.
16
Let v = -2 - 1. Let m be v/(-3)*(50 + 1). Suppose 4*l + 2*n - 36 = 0, -6*l - 4*n + m = -l. Calculate the greatest common factor of l and 7.
7
Let b(i) be the third derivative of -89*i**4/24 + i**3/6 + 5*i**2. Let o be b(-1). Calculate the greatest common divisor of 10 and o.
10
Let u(z) = 2*z**2 + 6*z + 7. Let r be 1/(2 + (-11)/6). Suppose 2*g + r + 4 = 0. Let f be u(g). Calculate the highest common factor of f and 9.
9
Let u = -162 - -250. Suppose -3*f - 14 = 4*l, 5*f - 3*l = -4 - 0. Let s be 54/5 - f/10. What is the highest common factor of s and u?
11
Suppose -3*z = -z. Suppose z = -v - 1 - 2, 3*v = 4*h - 537. Suppose 5*r = 25 + 35. Calculate the greatest common factor of h and r.
12
Let c be 52/20 - 2/(-5). Suppose p + 26 = c*p. Calculate the greatest common factor of p and 13.
13
Let c = 431 - 244. Suppose 4*y + 16 - 87 = -3*o, o = 2*y + 7. What is the highest common factor of c and o?
17
Suppose w + 3*w - 33 = -3*q, -4*q = -5*w - 13. Let l = -66 + 94. Calculate the greatest common divisor of q and l.
7
Suppose 3*n - 489 - 405 = 0. Let q = -170 + n. Calculate the greatest common divisor of 16 and q.
16
Suppose -z - 270 = -11*z. What is the highest common factor of z and 216?
27
Suppose -x + 4*x - 569 = -4*b, 290 = 2*b - 4*x. Calculate the highest common factor of b and 13.
13
Let k be (1/2)/((-4)/(-720)). Let z be 17/2 - 3/(-6). What is the highest common factor of z and k?
9
Suppose -3*a = -39 + 6. Calculate the highest common factor of a and 33.
11
Suppose 15 = 8*c - 3